
Convert -869 (base 11) to base 6.
-4455
2112022 (base 3) to base 12
1098
Convert -10131201 (base 4) to base 12.
-a6a9
401201 (base 5) to base 2
11000110000100
-122311 (base 4) to base 3
-2100121
Convert -1704 (base 14) to base 12.
-2474
What is -1138 (base 9) in base 11?
-6a9
507 (base 13) to base 8
1524
Convert -3470 (base 12) to base 7.
-23016
What is -11100101111 (base 2) in base 13?
-ab6
What is 2120000222 (base 3) in base 13?
19ba4
Convert 431213 (base 5) to base 16.
38de
-1134 (base 11) to base 9
-2034
What is 2bd (base 14) in base 16?
22f
What is -11001101 (base 2) in base 14?
-109
Convert -334 (base 8) to base 3.
-22011
Convert 1110000110101 (base 2) to base 16.
1c35
-2703 (base 15) to base 8
-20210
710a (base 12) to base 7
50500
What is -63072 (base 8) in base 16?
-663a
Convert -22200120 (base 3) to base 4.
-1202331
-3196 (base 13) to base 10
-6883
10445 (base 10) to base 4
2203031
Convert 12211220 (base 3) to base 9.
5756
Convert 7362 (base 10) to base 2.
1110011000010
Convert 11120 (base 4) to base 15.
17e
-b74 (base 14) to base 16
-8d2
-126265 (base 7) to base 12
-11944
-12030 (base 4) to base 11
-330
What is -2361 (base 7) in base 12?
-610
What is -35225 (base 6) in base 8?
-11701
2150 (base 10) to base 16
866
Convert 1331 (base 4) to base 6.
325
Convert -1303 (base 9) to base 10.
-975
What is -39297 (base 12) in base 15?
-1825d
What is 340516 (base 7) in base 10?
60283
-1134103 (base 5) to base 8
-51241
Convert 101011000000001 (base 2) to base 10.
22017
Convert -b76 (base 12) to base 6.
-11430
What is -103030 (base 4) in base 3?
-1200111
What is 22212100 (base 3) in base 16?
193e
-3d4 (base 14) to base 7
-2154
2220001 (base 3) to base 11
1646
What is 2078 (base 9) in base 3?
2002122
What is -4cc (base 13) in base 3?
-1011021
What is -2110222 (base 3) in base 5?
-24213
Convert -19c7 (base 15) to base 14.
-2071
Convert -59b (base 13) to base 2.
-1111001101
Convert 9dc (base 14) to base 9.
2615
Convert -165 (base 9) to base 5.
-1030
10121022 (base 3) to base 6
20055
Convert -221256 (base 7) to base 5.
-2221043
What is -45 (base 7) in base 13?
-27
What is -11d8 (base 15) in base 9?
-5185
What is 9223 (base 10) in base 3?
110122121
-11401 (base 10) to base 11
-8625
What is 5c (base 13) in base 6?
205
What is 32113 (base 4) in base 7?
2452
What is 1015 (base 10) in base 5?
13030
1d3 (base 16) to base 14
255
Convert 3092 (base 10) to base 2.
110000010100
What is 110100 (base 3) in base 4?
11031
Convert -511 (base 15) to base 12.
-7b1
What is 3824 (base 9) in base 6?
21121
What is 1003 (base 11) in base 12?
932
-1b7 (base 16) to base 5
-3224
What is 384a0 (base 11) in base 7?
316555
What is 31f (base 16) in base 14?
411
What is 12311103 (base 4) in base 8?
66523
-12cb (base 14) to base 11
-2544
What is -22022 (base 4) in base 10?
-650
What is -11102111 (base 3) in base 9?
-4374
Convert -644 (base 7) to base 10.
-326
What is -7771 (base 8) in base 7?
-14631
17416 (base 9) to base 3
121110120
-12f (base 16) to base 6
-1223
52a (base 12) to base 6
3254
10906 (base 16) to base 3
10110001211
Convert 1221032 (base 6) to base 2.
1111111000001100
What is -322023 (base 4) in base 2?
-111010001011
What is -2a10 (base 12) in base 15?
-16c3
What is 1451 (base 11) in base 3?
2120022
What is -2a1 (base 14) in base 13?
-320
What is 4431 (base 6) in base 15?
487
Convert 46274 (base 9) to base 2.
111100001111111
-319 (base 13) to base 11
-441
What is -11145 (base 12) in base 14?
-8389
5117 (base 9) to base 13
191b
4719 (base 10) to base 13
21c0
What is 12ab4 (base 12) in base 4?
12102220
Convert d7 (base 16) to base 13.
137
Convert -201111 (base 3) to base 7.
-1351
-4434 (base 9) to base 3
-11111011
What is -118a (base 11) in base 6?
-11102
7443 (base 11) to base 8
23170
-40133 (base 7) to base 8
-22715
-465 (base 12) to base 14
-349
-251301 (base 6) to base 12
-10b31
What is 17861 (base 9) in base 14?
4715
Convert 754 (base 14) to base 9.
1876
Convert 11001001001 (base 2) to base 16.
649
What is 181 (base 10) in base 16?
b5
What is 11122000 (base 3) in base 8?
6457
What is -10312 (base 4) in base 8?
-466
-ca (base 13) to base 12
-11a
What is 13033000 (base 4) in base 16?
73c0
What is -271 (base 10) in base 9?
-331
1002121 (base 3) to base 4
30133
23132 (base 6) to base 5
101141
What is 21 (base 7) in base 15?
10
14202 (base 5) to base 16
499
1a2 (base 12) to base 8
412
2011212 (base 3) to base 14
817
-28303 (base 11) to base 16
-9d68
Convert -17884 (base 10) to base 15.
-5474
What is -1693 (base 14) in base 11?
-3051
Convert -101110011000 (base 2) to base 7.
-11440
Convert 11027 (base 8) to base 3.
20100112
134552 (base 6) to base 5
401430
11032 (base 4) to base 3
110101
7261 (base 8) to base 7
13652
33105 (base 9) to base 7
121004
-1222333 (base 4) to base 10
-6847
What is -74 (base 14) in base 8?
-146
Convert 122120122 (base 3) to base 14.
4955
What is -330531 (base 6) in base 3?
-1101121101
Convert 2bdc (base 14) to base 15.
24c8
What is 233113 (base 6) in base 11?
14143
Convert -17700 (base 11) to base 3.
-1021000201
What is 1107 (base 8) in base 10?
583
-32300 (base 5) to base 15
-9ba
442 (base 8) to base 16
122
What is -242 (base 9) in base 13?
-125
What is -1011001010 (base 2) in base 3?
-222110
Convert -188 (base 13) to base 9.
-342
What is -203220 (base 4) in base 6?
-14320
What is 20a (base 13) in base 12?
250
What is -1001210121 (base 3) in base 6?
-241111
3356 (base 7) to base 14
62d
What is 4238 (base 9) in base 11?
2380
What is -3443210 (base 5) in base 7?
-346435
-13037 (base 8) to base 3
-21202202
9c9 (base 15) to base 12
1346
2475 (base 8) to base 10
1341
Convert 2320213 (base 4) to base 16.
2e27
1646 (base 10) to base 14
858
Convert 32121 (base 4) to base 11.
768
Convert -77 (base 14) to base 9.
-126
-1299 (base 16) to base 4
-1022121
Convert -295 (base 12) to base 3.
-112212
24041 (base 5) to base 3
2102121
20511 (base 9) to base 10
13537
What is -161553 (base 7) in base 5?
-2004324
What is 114020 (base 7) in base 4?
11001302
-1268 (base 13) to base 10
-2621
Convert 15861 (base 9) to base 5.
322114
Convert -100220 (base 4) to base 13.
-63b
What is 203012 (base 5) in base 13?
3032
-1b3 (base 16) to base 2
-110110011
What is -7aa (base 16) in base 11?
-1524
Convert -20201 (base 4) to base 12.
-395
What is 1c5 (base 13) in base 6?
1310
-4221 (base 7) to base 9
-2030
-3033411 (base 5) to base 11
-33a96
-32052 (base 6) to base 2
-1000100000000
What is -1110001111 (base 2) in base 13?
-551
What is -2a4 (base 13) in base 3?
-122111
2211110002 (base 3) to base 9
84402
What is 1490 (base 11) in base 15?
879
What is -e10 (base 16) in base 15?
-1100
Convert 18d (base 15) to base 4.
11212
What is 87 (base 13) in base 7?
216
What is 320 (base 14) in base 2?
1001101000
107775 (base 8) to base 11
25770
Convert -14012 (base 13) to base 2.
-1001000111110100
-1212 (base 4) to base 9
-123
What is 1681 (base 14) in base 6?
30401
Convert 4c2 (base 15) to base 13.
653
Convert 9ab (base 14) to base 6.
12511
What is 1021 (base 6) in base 10?
229
Convert 6a2 (base 12) to base 9.
1315
What is 73d9 (base 16) in base 6?
345145
What is -141443 (base 5) in base 12?
-3495
Convert 100000101101 (base 2) to base 15.
948
Convert -80 (base 15) to base 6.
-320
Convert 2103 (base 8) to base 16.
443
-253 (base 10) to base 12
-191
What is 2672 (base 10) in base 3?
10122222
Convert -34156 (base 8) to base 9.
-21731
What is 6aab (base 14) in base 10?
18575
What is 144b (base 12) in base 15?
a78
What is -122210122 (base 3) in base 12?
-7615
-ab2 (base 16) to base 5
-41423
5968 (base 14) to base 3
210100220
What is -6055 (base 10) in base 2?
-1011110100111
6003 (base 13) to base 11
99a7
-1012120 (base 3) to base 7
-2364
What is -187 (base 16) in base 8?
-607
Convert 4447 (base 12) to base 13.
3583
-4b (base 14) to base 5
-232
What is -1332333 (base 4) in base 3?
-102011000
What is -1006 (base 10) in base 8?
-1756
What is -25053 (base 6) in base 11?
-2869
Convert -533a (base 14) to base 12.
-8388
What is -36a3 (base 15) in base 14?
-4348
What is 6acb (base 15) in base 10?
22691
-100122121 (base 3) to base 4
-1231330
22f (base 16) to base 4
20233
What is -2526 (base 7) in base 15?
-436
-4055 (base 8) to base 13
-c50
What is 313322 (base 4) in base 10?
3578
-2b1c (base 14) t